(k) = -32*k + 8. Let t be h(-8). Let w be 6/(-14) + t/77. Suppose c - 7 = -2*m - 1, w*m + 15 = 0. What is the tens digit of c?
1
Let m = 659 + -159. What is the hundreds digit of m?
5
Let q = -2574 + 3488. What is the tens digit of q?
1
Let f be 5*(2 + -75)*-1. Suppose 5*a = -3*g - 2*g + f, -12 = 3*a. What is the units digit of g?
7
Suppose -4*l + 3144 = 5*f, -f + 756 - 132 = -4*l. What is the units digit of f?
8
Let k(n) = 18*n**3 - 7*n**2 + 7*n + 75. What is the units digit of k(6)?
3
Suppose 33*n - 16162 = 24593. What is the hundreds digit of n?
2
Let p be (4/(-5))/(8/(-25020)*3). Suppose p = u + 5*u. What is the tens digit of u?
3
Let z(v) = 82*v**3 - 2*v**2 - 80*v**3 + 0*v + 5*v + 7. What is the tens digit of z(3)?
5
Let i(p) = -41*p - 435. Let l be i(-11). Let h = -50 - -35. Let n = l + h. What is the units digit of n?
1
Suppose y - 2*t - t = 9, -4*y + 36 = 5*t. Let p(g) = -g**3 + 9*g**2 + 4. Let j be p(y). Let c = j - -29. What is the units digit of c?
3
Let w be (-52)/(-9) - (-2)/9. Suppose -3*m - 2*u - 303 = -w*m, -9 = 3*u. What is the tens digit of m?
9
Let a(p) = -2*p + 22. Let j be a(7). Suppose -j*s = -556 - 436. What is the hundreds digit of s?
1
Suppose 9*w - 13*w + 832 = 0. Let l = w + -80. What is the units digit of (33/44)/(2/l)?
8
Suppose -40*t + 51208 = -712. What is the units digit of t?
8
Let c = -5 + 20. Suppose 5*w = -s + c, 2*w - 7*w + 2*s = -15. Suppose 0 = -w*u + 18 + 21. What is the units digit of u?
3
Let c be (-4)/(-8)*2 + 2. Suppose 4*t - 2*t = -j + 156, c*j - 441 = 3*t. Suppose -2*g = 30 - j. What is the units digit of g?
0
Suppose 3*n - 6*n = 30. Let q = n - -14. Let y = q - -8. What is the tens digit of y?
1
Suppose 2*q - 2*r = 4*q - 476, 0 = -4*r - 20. Suppose j = 2*j - q. What is the hundreds digit of j?
2
Let o be (-9)/(-72) + 49/(-8). What is the tens digit of 156/10*(-15)/o?
3
Suppose -71*d + 101614 = -25*d. What is the tens digit of d?
0
Suppose 4 = -2*b, 2*l + 3*b - 3247 = 1601. What is the tens digit of l?
2
What is the units digit of (1 + 8)/(24/40)?
5
Suppose -5*a + 15 = -40. Suppose 2*u = a*u - 990. What is the hundreds digit of u?
1
What is the tens digit of 88/154 + (-738)/(-7)?
0
Let y(k) = -5*k + 21 - 4*k + 5*k + 3*k. What is the units digit of y(11)?
0
Let g(r) = -r**2 + r. Let y(x) = 3*x**2 - 12*x - 3. Let u(o) = -4*g(o) - y(o). Let c be u(-9). Suppose 3 - c = -3*v. What is the units digit of v?
3
Let m(v) = -v**2 - 11*v - 22. Let y be m(-3). What is the units digit of 132*y*(-6 - (-120)/18)?
6
Let c(l) = -7. Let m(b) = -b - 7. Let u(z) = 5*c(z) - 4*m(z). What is the units digit of u(5)?
3
Let n(g) = -2*g - 31. Let b be n(8). Let h = 147 - b. What is the tens digit of h?
9
Suppose -5*i - q = 680, -3*i + 5*q - 680 = 2*i. Let t = -76 - i. What is the units digit of t?
0
Let w = 126 + -61. Suppose 3*m + 2 - w = 0. What is the units digit of m?
1
Suppose -1028 = 65*r - 66*r. What is the thousands digit of r?
1
Let x = 211 + -149. Suppose -4*y = 2*f - 130 - x, 0 = y - 2*f - 58. What is the units digit of y?
0
Let v(y) = -y**3 + 3*y**2 + 3*y - 1. Let j be -5 + 4 + -2 + 10. Suppose -d - j = -9. What is the units digit of v(d)?
9
Let g be (-21)/(-147) - 27578/(-14). Suppose 0 = -10*i + 930 + g. What is the tens digit of i?
9
Let c = -4 + 6. Let a(r) = 0*r**2 + r**2 + r**2 - 7*r + c. What is the tens digit of a(5)?
1
Let g(h) be the third derivative of -1/6*h**3 + 3*h**2 + 0*h - 17/24*h**4 + 0. What is the units digit of g(-2)?
3
Let o(c) = -124*c + 115. What is the tens digit of o(-9)?
3
Let x(q) = q**2 - 16*q - 19. Let w(b) = b**2 - 17*b - 18. Let h = -33 + 30. Let r(s) = h*x(s) + 2*w(s). What is the tens digit of r(11)?
5
Let o(b) = -51*b**3 - 3*b - 2. Let x be o(-1). Suppose -f + 5*f = x. What is the units digit of f?
3
Suppose 8549 = 25*v - 9526. What is the units digit of v?
3
Let h = -63 + 105. Let t be 75 - (6/(-3) - -6). Let f = t - h. What is the units digit of f?
9
Let b = -17 + 27. Let u = -18 + b. What is the units digit of (-3)/(-18)*u*-36?
8
Suppose 393 + 313 = r. What is the tens digit of r?
0
Suppose 3*x + 157 = -2*l - 7, -4*l + 8 = 0. Let j = x - -86. What is the units digit of j?
0
Suppose -3*v = -6, -1 = 4*m - 3*v + 5. Suppose -u = -5*s - 86, 4*u + 3*s + m*s - 252 = 0. What is the units digit of u?
6
Let a = -82 - -137. Suppose -1 = 3*b + 11, -u = 5*b - a. What is the units digit of u?
5
Let n be -1 + 6/(24/340). Suppose f + 2*f = -c + 14, 4*c = -5*f + n. What is the tens digit of c?
2
Suppose -6 = -p - 0. What is the units digit of 155*(p/5)/((-45)/(-60))?
8
What is the hundreds digit of (0 - -1)*(2306 - (-114)/(-19))?
3
Let r = -321 - -835. What is the hundreds digit of r?
5
Let j = -41 - -18. Let g = j - -33. What is the units digit of g?
0
Let m(y) = -8132*y**2 - 10*y + 4. Let h be m(5). What is the hundreds digit of h/(-1755) - (-1 - (-26)/30)?
1
Suppose -2*h + 40 - 189 = -s, -4*s + h = -610. Suppose -4*l + s = -l. What is the tens digit of l?
5
Let l(h) = 21*h + 23. What is the units digit of l(27)?
0
What is the units digit of ((-4)/(-10))/((-33)/(-32505))?
4
Let v = 299 - -823. What is the tens digit of v?
2
Let f = -78 - -138. Let z be (-2208)/f*10/(-4). Suppose 4*k - z = -4*l, -2*l - l - k + 79 = 0. What is the units digit of l?
8
Let b be ((-15)/(-4))/((-7)/(-56)). Let g be b/4*16/20. Suppose -5*k + g = -14. What is the units digit of k?
4
Let q(c) = -6*c**2 - 5*c - 4. Let z(a) = -1. Let t(k) = -q(k) - 4*z(k). What is the units digit of t(-3)?
7
Let x(v) = -396*v - 6. Let y be x(-1). Suppose -4*u + y = q, q - 196 = 3*u - 5*u. What is the units digit of u?
7
Let h(l) = -l**2 - 1. Let b be (5 - 7)/(2/1). Let d be h(b). What is the tens digit of ((-8)/(-16))/(d/(-68))?
1
Suppose 253*q = 247*q + 15684. What is the units digit of q?
4
Suppose -6 - 5 = v. Let u = 39 + v. Suppose -q + u = 3*q. What is the units digit of q?
7
Let t(a) = -13*a - 4. Let i be t(-4). Let g be 10/(-3)*i/(-20). Suppose 0 = -b + 2*b - g. What is the units digit of b?
8
Suppose -900 = -2*l - 4*a, -3*l + 1173 = 5*a - 180. What is the tens digit of l?
5
Suppose -57 - 195 = -4*t. What is the tens digit of t?
6
Suppose -2*o = o + 372. What is the tens digit of -7*(1 + o/28)?
2
Let d(z) = -z**3 + 15*z**2 - 5*z - 20. Let j be d(10). Let p = j + -161. What is the tens digit of p?
6
Let y(f) be the second derivative of -1/3*f**3 + 0 + 6*f**2 - 3*f. What is the units digit of y(5)?
2
Let j be (-195)/(-21) + 4/(-14). Let g(l) = 5*l + 3. Let s be g(j). What is the tens digit of -4 + 0/(-3) + s?
4
Suppose 2*u + u = 6. Let x be ((-80)/2)/(u + -4). Suppose -x = -w + r, -3*w - r = -0*w - 56. What is the tens digit of w?
1
Suppose 3*k = -d + 8572, 3*k + 3*d - 8526 - 42 = 0. What is the thousands digit of k?
2
Let t be (1 + 1)/2 - 1. Suppose -c + 105 = 4*c + 2*f, -4*f + 20 = t. What is the tens digit of c?
1
Suppose 4*t + 3*r = 19, 15 = -3*r + 6*r. Let p be (2 - (-4 + 4))/t. Suppose 0 = p*c + 5*i - 115, -c + 3*c - 2*i - 80 = 0. What is the tens digit of c?
4
Let s be 4/6 + 20/(-12). Let y be 18/6*(s + 2). Suppose g + 2 = y. What is the units digit of g?
1
Let a(h) = 3*h**2 + 46*h + 51. What is the thousands digit of a(-36)?
2
Let c(m) = -m**2 + 107*m - 429. What is the hundreds digit of c(53)?
4
Let n(j) = 10*j**2 - 13*j + 43. What is the tens digit of n(9)?
3
Let h = -1430 + 3267. What is the units digit of h?
7
Let j(z) = -49*z - 68. What is the units digit of j(-12)?
0
Let u = 41 + -41. Suppose -6*m + 2*m + 200 = u. What is the units digit of m?
0
Let d = 6 - -6. Let q = d + -11. What is the tens digit of 15/9*39 - q?
6
Let c(o) = -3*o - 3. Let b = -11 - -36. Let s = 17 - b. What is the tens digit of c(s)?
2
Let u(y) = -14*y**3 - 52*y**2 + 113*y + 115. Let i(z) = -5*z**3 - 17*z**2 + 38*z + 38. Let b(g) = 11*i(g) - 4*u(g). What is the hundreds digit of b(-22)?
2
Let c = 5486 - 2666. What is the hundreds digit of c?
8
Let m = 14 - 12. What is the tens digit of m - (-258 + (-1 - 2))?
6
What is the hundreds digit of (-3 + (-645)/3)*(-28)/8?
7
Let h = 1718 - -329. What is the units digit of h?
7
Let z be ((-2)/(-6))/(5/30). Let i be z/(-5) + 184/10. Suppose i = 2*k - 2. What is the tens digit of k?
1
Let w = 3110 - 1720. What is the tens digit of w?
9
Let r(y) = 1 - 2 - 1 + 0 - 16*y. Suppose 0 = -2*c - 0 - 2. What is 